t l(y) = 172 - 534 + 8*y + 168 - y**2 + 180. What is l(7)?
-7
Let q(x) be the first derivative of -114 + 0*x**2 + 2/3*x**3 - 4*x + 1/4*x**4. Determine q(-2).
-4
Let m(y) = 139*y**2 - 8*y - 270*y**2 + 2 + 132*y**2. What is m(5)?
-13
Suppose -16*m + 204 = -4*m. Let d(k) = -m*k + k**3 - 16 + k - 8*k**2 + 12*k + 14*k. Give d(7).
5
Let q(l) be the first derivative of -1 + 0*l**2 + 3*l - 1/3*l**3. Let b be 2/(-6) - 34/(-170)*(-10)/(-6). What is q(b)?
3
Let s(g) = -6 - 7 + 14 - 3*g + 1 - 7 + 2*g. Let o(z) = z - 4. Let w be o(0). Calculate s(w).
-1
Let f be (-4 - -1)*51/(153/10). Let k(h) = h**2 + 12*h - 6. Determine k(f).
-26
Let u be (-6)/(-4)*8/6. Let o be (-42)/(13/(65/(-10))). Let y(h) = o - 6 - 12 - 3*h. Calculate y(u).
-3
Suppose -28 = -11*o - 28. Let x(a) be the third derivative of a**6/720 - a**5/120 - a**4/12 + a**2. Let b(p) be the second derivative of x(p). Determine b(o).
-1
Let h(d) = 17*d + 107. Let m be h(-6). Let k(s) = s - s - s**2 - 8*s**2 - 6*s + 10*s**2. Determine k(m).
-5
Let l(r) = -5*r**2 - 10*r - 9. Let c be 872/(-218) + (-2)/(-1)*1. Determine l(c).
-9
Let a(t) = -t**2 + 4*t - 2. Suppose -13*n - 4*n = -255. Suppose 12*r = n*r - 12. Give a(r).
-2
Let q(r) = 65*r**2 + r**3 - 121*r**2 + 64*r**2 + 9 - 3*r + 10*r. Let n(c) = -15*c + 4. Let p be n(-2). Let w = 27 - p. Calculate q(w).
9
Suppose 0 = -2*k + 6*k - 8. Let n(q) = 2*q + 0*q**2 + k*q**3 + 3*q**2 - 4*q**2 + 1 - 3. Let l be n(1). Let w(x) = 29*x. Give w(l).
29
Let h(l) = 4 + 1062*l**3 + 4*l + 1060*l**3 + l**2 - 2117*l**3. Give h(-2).
-40
Let c be ((-75)/50)/((-27)/(-144)). Let j(z) = 2*z**2 + 13*z + 27. What is j(c)?
51
Let r(b) = 18*b**3 - 2*b**2 + 2*b. Suppose 7*u = g + 10, -7 + 4 = g. Calculate r(u).
18
Let r(n) = 25*n + 14 + 45*n**3 + 13*n - 15*n**2 - 70*n**3 + 24*n**3. Determine r(-17).
-54
Let x = 35 - 34. Suppose 3*q - x = 5. Suppose 11 = -q*n - 3. Let p(d) = d**3 + 7*d**2 + 1. Determine p(n).
1
Let o(a) = -7*a + 3. Let r(j) = -30 + 21*j + 23 - 10*j + 22*j. Let v(t) = -22*t + 5. Let k(i) = 5*r(i) + 8*v(i). Let q(g) = -5*k(g) + 8*o(g). Calculate q(-7).
6
Let k be -1 + -1 + (0 - -2). Let i = 137 + -136. Let a(s) = -14*s**2 + i - 6*s + 5*s + 29*s**2 - 14*s**2. What is a(k)?
1
Let v be 15*(-3)/(-60)*-4. Let r(y) = -y**3 + y + 2. Determine r(v).
26
Let s(v) = -3*v**2 - 5*v + 37. Let h(j) = -j**2 - 2*j + 13. Let m(w) = -8*h(w) + 3*s(w). Determine m(8).
-49
Suppose 103*b = 19*b - 44*b. Let l(x) be the third derivative of 0 + 3*x**2 - 1/24*x**4 + b*x - 1/2*x**3. What is l(0)?
-3
Let o(f) = -24*f - 34. Let u(n) = 29*n + 33. Let m(l) = 6*o(l) + 5*u(l). Give m(0).
-39
Let j(f) = -2*f**3 + 16*f**2 + 11*f - 11. Let u be j(9). Let s = u + 80. Let q(r) be the third derivative of r**5/60 - r**4/8 + r**3/6 + 4*r**2. Give q(s).
19
Suppose -5 = -l + 2*y, -l + 14 = 2*l - 5*y. Let k(d) = 0 + 1 + 3 + 3*d - l. Let q = 3 + -7. Give k(q).
-11
Let k(f) be the second derivative of 95*f**3/6 + 362*f. Calculate k(-1).
-95
Let v(y) = 13*y - 130. Let m(o) = 3*o - 29. Let h(w) = 9*m(w) - 2*v(w). Let u(g) = -g**2 + 7*g - 10. Let p be u(4). Suppose 8*z - p*z = -18. Give h(z).
-4
Suppose 0 = -42*m + 47*m + 50. Let s(u) = -u**3 - 9*u**2 + 10*u + 9. Let n be s(m). Let p(i) = -n - 12 - 3*i + 29 + i**2 - 6. Give p(2).
0
Let g be 249/27 + (-30)/135. Suppose -4*r = -4*o + o + g, -o = 2*r + 7. Let n(c) = -2*c**3 + 2*c**2 + c. Determine n(o).
3
Let d(n) = 2*n**2 - 12 + 4*n + n - n + 16. Let u(x) = 170*x - 853. Let j be u(5). Determine d(j).
10
Let z(g) = -g + 2. Let k be z(0). Let l(p) = 5*p + 2*p - 3*p**2 + 2*p**k. Suppose 0 = -8*v + 3*v + 20, 3*y = -2*v + 23. Calculate l(y).
10
Let r(q) be the second derivative of q**5/5 - q**4/4 + q**3/3 - q**2 - 6*q. Let s be (-11)/(-3) - (2/(-3))/2. Suppose -k = s - 6. Calculate r(k).
22
Let y(h) be the first derivative of h**4/4 + 8*h**3 - 23*h**2/2 + 51*h - 1344. Calculate y(-25).
1
Let j(t) = 10*t**2 - 196 - 168 - 4*t + 369. Determine j(1).
11
Let k(a) be the third derivative of -a**4/24 + a**3 - 3*a**2 + 5*a. Let w(x) = 1. Let s(p) = k(p) - 5*w(p). Let v(u) = -2*u - 9. Let m be v(-6). Determine s(m).
-2
Let c(g) = -8*g**2 - 8*g + 16. Let n(f) = -5*f**2 - 7*f + 17. Let h(m) = -2*c(m) + 3*n(m). What is h(5)?
19
Let g(t) = 65 - 66*t - 65*t - 60*t + t**2 + 219*t. Calculate g(-25).
-10
Let a be 6 - (-63)/45*-5. Let u be (-8)/(-12) + 6/(-9). Let v(d) = 2 + u - 2 + 3*d. What is v(a)?
-3
Let v(x) = -3*x**3 + 3*x**2 - 36. Let z(g) = g**2 + 2*g - 10. Let r be z(-5). Let a(j) = -j**3 + j**2 - 18. Let d(u) = r*a(u) - 2*v(u). What is d(0)?
-18
Let l(i) = -i**2 - 16*i - 1. Suppose 29 - 216 = 11*o. Calculate l(o).
-18
Let n be (-141)/(-21) + (-6)/(-21). Let y(m) = m - 7. Let d be y(9). Suppose -2*h + 6 = 4*r + 24, -d*r + h = n. Let f(p) = -p**2 - 5*p - 5. Give f(r).
-1
Let m(f) be the first derivative of f**3/3 - 2*f**2 - f - 4440. Give m(-3).
20
Let p(w) = -w**3 - 19*w**2 + 40*w - 44. Suppose 308*b - 315*b - 147 = 0. Calculate p(b).
-2
Let a(b) = b**2 + 4*b - 1. Suppose 18*c + 4*i = 19*c - 8, 15 = -3*i. Let s be 16/c - (-56)/(-21). Give a(s).
-1
Let m(r) = -2*r - 12. Let h(g) = 5*g - 95. Let f be h(19). Let t be (-15 + f)*1 - -7. Give m(t).
4
Let v(p) be the third derivative of -p**5/60 - 2*p**4/3 - 14*p**3/3 - 2*p**2 + 70. Determine v(-13).
11
Let x(b) be the second derivative of -1/3*b**4 - 127*b - 1/6*b**3 + 0 - 1/20*b**5 - 2*b**2. Calculate x(-5).
26
Let v(b) = b**3 + 9*b**2 + 23*b + 8. Let u be v(-3). Let d(y) = -8*y + 2. Determine d(u).
58
Let p(t) be the second derivative of 98*t - 1/12*t**4 + 0 + 23/2*t**2 + 7/3*t**3. What is p(16)?
-9
Let u(r) = r**2 - 3*r + 3. Let w = -784 + 784. Give u(w).
3
Let y(p) = -3*p**2 + 2*p - 2. Let i(b) = 2*b**2 - b + 1. Let n be (21 - 20)*(-4)/(-1). Let z(j) = n*i(j) + 3*y(j). Let l be (1 + 3)*(-1)/(-2). Determine z(l).
-2
Let p(v) = -14 - v - 27 + 31 - 11. Calculate p(-19).
-2
Let b(m) = m**2 - 9*m + 1. Suppose -4*w + h + h + 60 = 0, h + 2 = 0. Let q(x) = -42*x - w*x**2 - 16*x**2 + 26*x**2 - 13. Let u be q(-10). Calculate b(u).
-13
Let c be ((-6)/(-5))/((-6)/(-50)). Suppose -14 = c*w - 74. Let i(u) = -11*u - 6 + u + 0*u**2 + w*u + u**2. Determine i(6).
6
Let r be (29 + -1)*((-540)/(-48) - 11). Let v(q) = -3*q - 9. Calculate v(r).
-30
Let o(j) = j**2 + 3*j - 12. Let z(c) = -c. Let a(g) = o(g) + 5*z(g). Let w = 224677 - 224672. What is a(w)?
3
Let n(f) = f**2 + 15*f - 45393 - f + 45358. Calculate n(-16).
-3
Let a(q) be the third derivative of q**4/12 - 3*q**3/2 - 217*q**2 + 2. Let d(n) = -n + 9. Let h be d(4). Determine a(h).
1
Let v be (1/1)/1 + 7/(-84)*-36. Let t(x) = -10*x + 41. Give t(v).
1
Let w(b) = -2 + 79*b + 1 - 4 - 94*b - 1 + b**2. Determine w(12).
-42
Let r be 4/18 - 144/(-81). Let p be -4*2*r/8. Let b(a) be the third derivative of -a**6/120 - a**5/20 - a**4/24 - a**3/6 + 3*a**2 + 1. What is b(p)?
-3
Let y(s) = s + 2. Suppose 7 + 3 = 2*z - 3*p, 0 = -4*z + 5*p + 18. Calculate y(z).
4
Let o(d) = 37 + 33 + 31 + 5*d - 115 + 28. What is o(-11)?
-41
Suppose -3*o = -4*o + 8. Let s(c) be the second derivative of -c**4/12 + 4*c**3/3 + c**2/2 - 935*c. Calculate s(o).
1
Let z(m) = 9*m + 217. Suppose 19*j - 35*j + f = 389, 0 = j - f + 29. Calculate z(j).
1
Let n = 38 + -19. Let v(r) = -r**2 + 18*r + 19. Let d be v(n). Let j(x) = -20 + 24 + d*x + 4*x - x**2. What is j(6)?
-8
Let b = 36601 - 36599. Let a(i) = -i**3 + 5*i**2 - 12*i + 4. Calculate a(b).
-8
Suppose -16*f + 11*f = 4*a - 23, 2*f + 2*a = 10. Suppose 36 = -f*i + 51. Let w(j) be the first derivative of -j**2/2 - j - 1. Calculate w(i).
-6
Let p(f) = 3*f - 9. Let h be p(5). Let r(l) = -3*l**2 - l - 15. Let q(k) = 5*k**2 + 7*k + 26. Let c(v) = q(v) + 2*r(v). Determine c(h).
-10
Let s(l) = l**2 + 5*l - 9. Let j be s(-7). Let i(b) = b**2 - 15*b - 15. Let n be i(16). Let v(u) = n + 23*u**3 + j - 7*u**2 - 24*u**3 - 3*u. What is v(-6)?
-12
Let m = -776 + 778. Let s(x) be the second derivative of -x**4/12 + x**3/6 - 9*x. Give s(m).
-2
Let y(u) = -u**2 + 22*u - 121. Let p be y(10). Let t(v) = -32*v - 1. Determine t(p).
31
Let t(f) = f**2 - f - 10. Let l(q) = q**2 - 2*q - 11. Let u(p) = -5*l(p) + 6*t(p). Let k be ((-15)/(-6))/(-10 - ((-18)/12 + -8)). Determine u(k).
0
Suppose -170*n + 36 = -158*n. Suppose -4*l + 8 = 2*d, 0*l + 3*l = -3*d + 9. Let u(i) = -11*i - 6*i + 16*i - l. What is u(n)?
-4
L